{"id":860,"date":"2025-03-25T13:51:54","date_gmt":"2025-03-25T11:51:54","guid":{"rendered":"https:\/\/jegkanogvil.no\/?page_id=860"},"modified":"2025-09-25T09:42:45","modified_gmt":"2025-09-25T07:42:45","slug":"spesielt-gutter","status":"publish","type":"page","link":"https:\/\/jegkanogvil.no\/?page_id=860","title":{"rendered":"Hygiene: gutter"},"content":{"rendered":"<audio class=\"wp-audio-shortcode\" id=\"audio-860-1\" preload=\"none\" style=\"width: 100%;\" controls=\"controls\"><source type=\"audio\/mpeg\" src=\"https:\/\/jegkanogvil.no\/wp-content\/uploads\/2025\/09\/Hygiene-gutter.mp3?_=1\" \/><a href=\"https:\/\/jegkanogvil.no\/wp-content\/uploads\/2025\/09\/Hygiene-gutter.mp3\">https:\/\/jegkanogvil.no\/wp-content\/uploads\/2025\/09\/Hygiene-gutter.mp3<\/a><\/audio>\n<p>Tissen hos gutter og menn<br \/>\nkalles ogs\u00e5 penis.<\/p>\n<p>Det er best \u00e5 vaske tissen<br \/>\nog rumpa <strong>hver dag<\/strong>.<br \/>\nDa lukter det ikke vondt derfra.<br \/>\nDu kan gj\u00f8re det n\u00e5r du dusjer.<\/p>\n<p>Det kommer ofte ut noen dr\u00e5per tiss<br \/>\nn\u00e5r du er ferdig med \u00e5 tisse.<br \/>\nDet er lurt \u00e5 riste tissen<br \/>\nfor \u00e5 f\u00e5 bort disse dr\u00e5pene.<\/p>\n<p><strong>Du kan sitte p\u00e5 doen<\/strong> n\u00e5r du tisser.<br \/>\nDa drypper det ikke tiss p\u00e5:<\/p>\n<ul>\n<li>buksen<\/li>\n<li>do-setet<\/li>\n<li>gulvet<\/li>\n<\/ul>\n<p><strong>T\u00f8rk deg godt<\/strong> med do-papir<br \/>\n<strong>hver gang<\/strong> du er p\u00e5 do.<\/p>\n<p>Se om det er b\u00e6sj igjen i doen<br \/>\netter at du har trukket ned.<br \/>\nVask i s\u00e5 fall doen med do-b\u00f8rsten.<\/p>\n<p><img loading=\"lazy\" decoding=\"async\" class=\"wp-image-2085\" style=\"text-align: center;\" src=\"https:\/\/jegkanogvil.no\/wp-content\/uploads\/2025\/08\/WCvask-300x208.png\" alt=\"WC med toalettb\u00f8rste.\" width=\"400\" height=\"277\" srcset=\"https:\/\/jegkanogvil.no\/wp-content\/uploads\/2025\/08\/WCvask-300x208.png 300w, https:\/\/jegkanogvil.no\/wp-content\/uploads\/2025\/08\/WCvask-1024x709.png 1024w, https:\/\/jegkanogvil.no\/wp-content\/uploads\/2025\/08\/WCvask-768x532.png 768w, https:\/\/jegkanogvil.no\/wp-content\/uploads\/2025\/08\/WCvask.png 1040w\" sizes=\"auto, (max-width: 400px) 100vw, 400px\" \/><\/p>\n<p>L\u00e6r \u00e5 vaske doen etter deg.<br \/>\nForledrene dine kan vise<br \/>\nhvordan du skal gj\u00f8re det<br \/>\nhjemme hos deg.<br \/>\n<strong>Vask hendene<\/strong> godt til slutt.<\/p>\n<h2><strong>Problemer med tissen<\/strong><\/h2>\n<p>Du kan kl\u00f8 eller f\u00e5<br \/>\nr\u00f8de prikker p\u00e5 tissen.<br \/>\nDet kan skje med gutter<br \/>\n<strong>i alle aldre<\/strong>.<br \/>\nDa m\u00e5 du fortelle det<br \/>\ntil foreldrene dine.<\/p>\n<p>Det kan hende du trenger<br \/>\nmedisin fra apoteket.<br \/>\nKanskje vil foreldre<br \/>\nta deg med til fast-legen din.<\/p>\n<p><a href=\"https:\/\/jegkanogvil.no\/?page_id=49\"><img loading=\"lazy\" decoding=\"async\" class=\"alignnone wp-image-438\" src=\"https:\/\/jegkanogvil.no\/wp-content\/uploads\/2024\/11\/Kroppen-248x300.png\" alt=\"\" width=\"124\" height=\"150\" srcset=\"https:\/\/jegkanogvil.no\/wp-content\/uploads\/2024\/11\/Kroppen-248x300.png 248w, https:\/\/jegkanogvil.no\/wp-content\/uploads\/2024\/11\/Kroppen.png 718w\" sizes=\"auto, (max-width: 124px) 100vw, 124px\" \/><\/a>\u00a0<a href=\"https:\/\/jegkanogvil.no\/?page_id=65\"><img loading=\"lazy\" decoding=\"async\" class=\"alignnone wp-image-442\" src=\"https:\/\/jegkanogvil.no\/wp-content\/uploads\/2024\/11\/Grenser-1-248x300.png\" alt=\"\" width=\"124\" height=\"150\" srcset=\"https:\/\/jegkanogvil.no\/wp-content\/uploads\/2024\/11\/Grenser-1-248x300.png 248w, https:\/\/jegkanogvil.no\/wp-content\/uploads\/2024\/11\/Grenser-1.png 718w\" sizes=\"auto, (max-width: 124px) 100vw, 124px\" \/><\/a> \u00a0<a href=\"https:\/\/jegkanogvil.no\/?page_id=858\"><img loading=\"lazy\" decoding=\"async\" class=\"alignnone wp-image-1847\" src=\"https:\/\/jegkanogvil.no\/wp-content\/uploads\/2025\/07\/Jente_hygiene-248x300.png\" alt=\"\" width=\"124\" height=\"150\" srcset=\"https:\/\/jegkanogvil.no\/wp-content\/uploads\/2025\/07\/Jente_hygiene-248x300.png 248w, https:\/\/jegkanogvil.no\/wp-content\/uploads\/2025\/07\/Jente_hygiene.png 718w\" sizes=\"auto, (max-width: 124px) 100vw, 124px\" \/><\/a> <a href=\"https:\/\/jegkanogvil.no\/?page_id=2380\"><img loading=\"lazy\" decoding=\"async\" class=\"alignnone wp-image-2390\" src=\"https:\/\/jegkanogvil.no\/wp-content\/uploads\/2025\/09\/Lus-248x300.png\" alt=\"Til: Lus\" width=\"124\" height=\"150\" srcset=\"https:\/\/jegkanogvil.no\/wp-content\/uploads\/2025\/09\/Lus-248x300.png 248w, https:\/\/jegkanogvil.no\/wp-content\/uploads\/2025\/09\/Lus.png 718w\" sizes=\"auto, (max-width: 124px) 100vw, 124px\" \/><\/a> <a href=\"https:\/\/jegkanogvil.no\/?page_id=74\"><img loading=\"lazy\" decoding=\"async\" class=\"alignnone wp-image-556\" src=\"https:\/\/jegkanogvil.no\/wp-content\/uploads\/2024\/11\/Lysbilde1-3-248x300.png\" alt=\"\" width=\"124\" height=\"150\" srcset=\"https:\/\/jegkanogvil.no\/wp-content\/uploads\/2024\/11\/Lysbilde1-3-248x300.png 248w, https:\/\/jegkanogvil.no\/wp-content\/uploads\/2024\/11\/Lysbilde1-3.png 718w\" sizes=\"auto, (max-width: 124px) 100vw, 124px\" \/><\/a> <a href=\"https:\/\/jegkanogvil.no\/?page_id=2419\"><img loading=\"lazy\" decoding=\"async\" class=\"alignnone wp-image-2414\" src=\"https:\/\/jegkanogvil.no\/wp-content\/uploads\/2025\/09\/Sex-248x300.png\" alt=\"Til: Sex\" width=\"124\" height=\"150\" srcset=\"https:\/\/jegkanogvil.no\/wp-content\/uploads\/2025\/09\/Sex-248x300.png 248w, https:\/\/jegkanogvil.no\/wp-content\/uploads\/2025\/09\/Sex.png 718w\" sizes=\"auto, (max-width: 124px) 100vw, 124px\" \/><\/a><br \/>\n<a href=\"https:\/\/jegkanogvil.no\/\"><img loading=\"lazy\" decoding=\"async\" class=\"alignnone wp-image-766\" src=\"https:\/\/jegkanogvil.no\/wp-content\/uploads\/2025\/03\/Home-knappG-150x150.png\" alt=\"Til: Hjem\" width=\"120\" height=\"120\" srcset=\"https:\/\/jegkanogvil.no\/wp-content\/uploads\/2025\/03\/Home-knappG-150x150.png 150w, https:\/\/jegkanogvil.no\/wp-content\/uploads\/2025\/03\/Home-knappG-300x300.png 300w, https:\/\/jegkanogvil.no\/wp-content\/uploads\/2025\/03\/Home-knappG.png 567w\" sizes=\"auto, (max-width: 120px) 100vw, 120px\" \/><\/a><\/p>\n","protected":false},"excerpt":{"rendered":"<p>Tissen hos gutter og menn kalles ogs\u00e5 penis. Det er best \u00e5 vaske tissen og rumpa hver dag. Da lukter det ikke vondt derfra. Du kan gj\u00f8re det n\u00e5r du dusjer. Det kommer ofte ut noen dr\u00e5per tiss n\u00e5r du er ferdig med \u00e5 tisse. Det er lurt \u00e5 riste tissen for \u00e5 f\u00e5 bort [&hellip;]<\/p>\n","protected":false},"author":1,"featured_media":0,"parent":0,"menu_order":0,"comment_status":"closed","ping_status":"closed","template":"","meta":{"footnotes":""},"class_list":["post-860","page","type-page","status-publish","hentry"],"_links":{"self":[{"href":"https:\/\/jegkanogvil.no\/index.php?rest_route=\/wp\/v2\/pages\/860","targetHints":{"allow":["GET"]}}],"collection":[{"href":"https:\/\/jegkanogvil.no\/index.php?rest_route=\/wp\/v2\/pages"}],"about":[{"href":"https:\/\/jegkanogvil.no\/index.php?rest_route=\/wp\/v2\/types\/page"}],"author":[{"embeddable":true,"href":"https:\/\/jegkanogvil.no\/index.php?rest_route=\/wp\/v2\/users\/1"}],"replies":[{"embeddable":true,"href":"https:\/\/jegkanogvil.no\/index.php?rest_route=%2Fwp%2Fv2%2Fcomments&post=860"}],"version-history":[{"count":24,"href":"https:\/\/jegkanogvil.no\/index.php?rest_route=\/wp\/v2\/pages\/860\/revisions"}],"predecessor-version":[{"id":2570,"href":"https:\/\/jegkanogvil.no\/index.php?rest_route=\/wp\/v2\/pages\/860\/revisions\/2570"}],"wp:attachment":[{"href":"https:\/\/jegkanogvil.no\/index.php?rest_route=%2Fwp%2Fv2%2Fmedia&parent=860"}],"curies":[{"name":"wp","href":"https:\/\/api.w.org\/{rel}","templated":true}]}}