{"id":2597,"date":"2025-12-10T12:47:50","date_gmt":"2025-12-10T10:47:50","guid":{"rendered":"https:\/\/jegkanogvil.no\/?page_id=2597"},"modified":"2026-02-20T13:30:54","modified_gmt":"2026-02-20T11:30:54","slug":"mat-filmer","status":"publish","type":"page","link":"https:\/\/jegkanogvil.no\/?page_id=2597","title":{"rendered":"Mat-filmer"},"content":{"rendered":"<p>Her kan du se Thea lage mat.<br \/>\nKanskje du vil lage det Thea lager<br \/>\neller noe annet som ligner litt.<\/p>\n<p>Se p\u00e5 1 film av gangen.<br \/>\nBruk gjerne <strong>kontrollene<\/strong><br \/>\nSpill \u25b6 og Pause\u00a0\u23f8.<br \/>\nBe om hjelp for \u00e5 l\u00e6re \u00e5:<\/p>\n<ul>\n<li>se filmen i full-skjerm<\/li>\n<li>avslutte full-skjerm<\/li>\n<\/ul>\n<div  class=\"lgc-column lgc-grid-parent lgc-grid-50 lgc-tablet-grid-50 lgc-mobile-grid-100 lgc-equal-heights \"><div  class=\"inside-grid-column\">\n<div style=\"padding: 56.25% 0 0 0; position: relative;\"><iframe style=\"position: absolute; top: 0; left: 0; width: 100%; height: 100%;\" title=\"Thea lager drikke\" src=\"https:\/\/player.vimeo.com\/video\/1144829808?badge=0&amp;autopause=0&amp;player_id=0&amp;app_id=58479\" frameborder=\"0\"><\/iframe><\/div>\n<div style=\"padding: 56.25% 0 0 0; position: relative;\"><iframe style=\"position: absolute; top: 0; left: 0; width: 100%; height: 100%;\" title=\"Thea lager salat\" src=\"https:\/\/player.vimeo.com\/video\/1166603829?badge=0&amp;autopause=0&amp;player_id=0&amp;app_id=58479\" frameborder=\"0\"><\/iframe><\/div>\n<p><\/p><\/div><\/div>\n<div  class=\"lgc-column lgc-grid-parent lgc-grid-50 lgc-tablet-grid-50 lgc-mobile-grid-100 lgc-equal-heights \"><div  class=\"inside-grid-column\">\n<div style=\"padding: 56.25% 0 0 0; position: relative;\"><iframe style=\"position: absolute; top: 0; left: 0; width: 100%; height: 100%;\" title=\"Thea lager mellomm\u00e5ltid\" src=\"https:\/\/player.vimeo.com\/video\/1148479783?badge=0&amp;autopause=0&amp;player_id=0&amp;app_id=58479\" frameborder=\"0\"><\/iframe><\/div>\n<p><\/p><\/div><\/div><div class=\"lgc-clear\"><\/div>\n<p><a href=\"https:\/\/jegkanogvil.no\/?page_id=59\"><img loading=\"lazy\" decoding=\"async\" class=\"alignnone wp-image-1472\" src=\"https:\/\/jegkanogvil.no\/wp-content\/uploads\/2025\/07\/Kostrad-248x300.png\" alt=\"Til: Kost-r\u00e5d\" width=\"124\" height=\"150\" srcset=\"https:\/\/jegkanogvil.no\/wp-content\/uploads\/2025\/07\/Kostrad-248x300.png 248w, https:\/\/jegkanogvil.no\/wp-content\/uploads\/2025\/07\/Kostrad.png 718w\" sizes=\"auto, (max-width: 124px) 100vw, 124px\" \/><\/a> <a href=\"https:\/\/jegkanogvil.no\/?page_id=1497\"><img loading=\"lazy\" decoding=\"async\" class=\"alignnone wp-image-1487\" src=\"https:\/\/jegkanogvil.no\/wp-content\/uploads\/2025\/07\/Minstmulig-248x300.png\" alt=\"Til: Minst mulig...\" width=\"124\" height=\"150\" srcset=\"https:\/\/jegkanogvil.no\/wp-content\/uploads\/2025\/07\/Minstmulig-248x300.png 248w, https:\/\/jegkanogvil.no\/wp-content\/uploads\/2025\/07\/Minstmulig.png 718w\" sizes=\"auto, (max-width: 124px) 100vw, 124px\" \/><\/a> <a href=\"https:\/\/jegkanogvil.no\/?page_id=1501\"><img loading=\"lazy\" decoding=\"async\" class=\"alignnone wp-image-1484\" src=\"https:\/\/jegkanogvil.no\/wp-content\/uploads\/2025\/07\/Neimat-248x300.png\" alt=\"Til: Nei-mat for noen\" width=\"124\" height=\"150\" srcset=\"https:\/\/jegkanogvil.no\/wp-content\/uploads\/2025\/07\/Neimat-248x300.png 248w, https:\/\/jegkanogvil.no\/wp-content\/uploads\/2025\/07\/Neimat.png 718w\" sizes=\"auto, (max-width: 124px) 100vw, 124px\" \/><\/a> \u00a0<a href=\"https:\/\/jegkanogvil.no\/?page_id=1194\"><img loading=\"lazy\" decoding=\"async\" class=\"alignnone wp-image-1180\" src=\"https:\/\/jegkanogvil.no\/wp-content\/uploads\/2025\/04\/Maltider-248x300.png\" alt=\"\" width=\"124\" height=\"150\" srcset=\"https:\/\/jegkanogvil.no\/wp-content\/uploads\/2025\/04\/Maltider-248x300.png 248w, https:\/\/jegkanogvil.no\/wp-content\/uploads\/2025\/04\/Maltider.png 718w\" sizes=\"auto, (max-width: 124px) 100vw, 124px\" \/><\/a>\u00a0<a href=\"https:\/\/jegkanogvil.no\/?page_id=61\"><img loading=\"lazy\" decoding=\"async\" class=\"alignnone wp-image-1201\" src=\"https:\/\/jegkanogvil.no\/wp-content\/uploads\/2025\/04\/Rundt-bordet-248x300.png\" alt=\"Til: Rundt bordet\" width=\"124\" height=\"150\" srcset=\"https:\/\/jegkanogvil.no\/wp-content\/uploads\/2025\/04\/Rundt-bordet-248x300.png 248w, https:\/\/jegkanogvil.no\/wp-content\/uploads\/2025\/04\/Rundt-bordet.png 718w\" sizes=\"auto, (max-width: 124px) 100vw, 124px\" \/><\/a> <a href=\"https:\/\/jegkanogvil.no\/?page_id=63\"><img loading=\"lazy\" decoding=\"async\" class=\"alignnone wp-image-1179\" src=\"https:\/\/jegkanogvil.no\/wp-content\/uploads\/2025\/04\/Lag-mat-selv-248x300.png\" alt=\"\" width=\"124\" height=\"150\" srcset=\"https:\/\/jegkanogvil.no\/wp-content\/uploads\/2025\/04\/Lag-mat-selv-248x300.png 248w, https:\/\/jegkanogvil.no\/wp-content\/uploads\/2025\/04\/Lag-mat-selv.png 718w\" sizes=\"auto, (max-width: 124px) 100vw, 124px\" \/><\/a><\/p>\n<p><a href=\"https:\/\/jegkanogvil.no\/\"><img loading=\"lazy\" decoding=\"async\" class=\"alignnone wp-image-766\" src=\"https:\/\/jegkanogvil.no\/wp-content\/uploads\/2025\/03\/Home-knappG-150x150.png\" alt=\"Til: Hjem\" width=\"120\" height=\"120\" srcset=\"https:\/\/jegkanogvil.no\/wp-content\/uploads\/2025\/03\/Home-knappG-150x150.png 150w, https:\/\/jegkanogvil.no\/wp-content\/uploads\/2025\/03\/Home-knappG-300x300.png 300w, https:\/\/jegkanogvil.no\/wp-content\/uploads\/2025\/03\/Home-knappG.png 567w\" sizes=\"auto, (max-width: 120px) 100vw, 120px\" \/><\/a><\/p>\n","protected":false},"excerpt":{"rendered":"<p>Her kan du se Thea lage mat. Kanskje du vil lage det Thea lager eller noe annet som ligner litt. Se p\u00e5 1 film av gangen. Bruk gjerne kontrollene Spill \u25b6 og Pause\u00a0\u23f8. Be om hjelp for \u00e5 l\u00e6re \u00e5: se filmen i full-skjerm avslutte full-skjerm \u00a0\u00a0<\/p>\n","protected":false},"author":1,"featured_media":0,"parent":0,"menu_order":0,"comment_status":"closed","ping_status":"closed","template":"","meta":{"footnotes":""},"class_list":["post-2597","page","type-page","status-publish","hentry"],"_links":{"self":[{"href":"https:\/\/jegkanogvil.no\/index.php?rest_route=\/wp\/v2\/pages\/2597","targetHints":{"allow":["GET"]}}],"collection":[{"href":"https:\/\/jegkanogvil.no\/index.php?rest_route=\/wp\/v2\/pages"}],"about":[{"href":"https:\/\/jegkanogvil.no\/index.php?rest_route=\/wp\/v2\/types\/page"}],"author":[{"embeddable":true,"href":"https:\/\/jegkanogvil.no\/index.php?rest_route=\/wp\/v2\/users\/1"}],"replies":[{"embeddable":true,"href":"https:\/\/jegkanogvil.no\/index.php?rest_route=%2Fwp%2Fv2%2Fcomments&post=2597"}],"version-history":[{"count":17,"href":"https:\/\/jegkanogvil.no\/index.php?rest_route=\/wp\/v2\/pages\/2597\/revisions"}],"predecessor-version":[{"id":2669,"href":"https:\/\/jegkanogvil.no\/index.php?rest_route=\/wp\/v2\/pages\/2597\/revisions\/2669"}],"wp:attachment":[{"href":"https:\/\/jegkanogvil.no\/index.php?rest_route=%2Fwp%2Fv2%2Fmedia&parent=2597"}],"curies":[{"name":"wp","href":"https:\/\/api.w.org\/{rel}","templated":true}]}}