{"id":1150,"date":"2025-04-01T18:22:06","date_gmt":"2025-04-01T16:22:06","guid":{"rendered":"https:\/\/jegkanogvil.no\/?page_id=1150"},"modified":"2025-09-24T19:09:00","modified_gmt":"2025-09-24T17:09:00","slug":"fn-forente-nasjoner","status":"publish","type":"page","link":"https:\/\/jegkanogvil.no\/?page_id=1150","title":{"rendered":"FN"},"content":{"rendered":"<audio class=\"wp-audio-shortcode\" id=\"audio-1150-1\" preload=\"none\" style=\"width: 100%;\" controls=\"controls\"><source type=\"audio\/mpeg\" src=\"https:\/\/jegkanogvil.no\/wp-content\/uploads\/2025\/09\/FN1-1.mp3?_=1\" \/><a href=\"https:\/\/jegkanogvil.no\/wp-content\/uploads\/2025\/09\/FN1-1.mp3\">https:\/\/jegkanogvil.no\/wp-content\/uploads\/2025\/09\/FN1-1.mp3<\/a><\/audio>\n<p>FN st\u00e5r for\u00a0de <strong>Forente Nasjoner<\/strong>.<br \/>\nDet er en stor gruppe med<br \/>\n<strong>nesten alle land i verden.<\/strong><br \/>\nMedlems-land jobber sammen<br \/>\nfor \u00e5 gj\u00f8re verden bedre.<\/p>\n<p>FN hjelper blant annet til med \u00e5:<\/p>\n<ul>\n<li>stoppe kriger<\/li>\n<li>hjelpe folk i n\u00f8d<\/li>\n<li>s\u00f8rge for at alle har:\n<ul>\n<li>mat<\/li>\n<li>skole<\/li>\n<li>trygghet<\/li>\n<\/ul>\n<\/li>\n<\/ul>\n<p><strong>FN-konvensjonen<\/strong>\u00a0er en avtale<br \/>\nmellom mange land.<br \/>\nLandene skal f\u00f8lge<br \/>\nde samme reglene.<\/p>\n<p>For eksempel finnes det<br \/>\nen konvensjon om\u00a0<strong>barns rettigheter.<\/strong><\/p>\n<p>En annen konvensjon handler om<br \/>\n<strong>rettigheter til mennesker med<br \/>\nnedsatt funksjons-evne<\/strong>.<\/p>\n<p>Dette er viktige konvensjoner!<\/p>\n<h2><strong>Barne-konvensjonen<\/strong><\/h2>\n<p><strong>FN sine<\/strong> regler for barns rettigheter<br \/>\ngjelder ogs\u00e5 i Norge.<br \/>\nDisse reglene er de viktigste:<\/p>\n<p><strong>\u00c5pne og lukke boksene under med + og &#8211;<\/strong><\/p>\n<div  class=\"lgc-column lgc-grid-parent lgc-grid-50 lgc-tablet-grid-50 lgc-mobile-grid-100 lgc-equal-heights \"><div  class=\"inside-grid-column\">\n<p><style>#sp-ea-1601 .spcollapsing { height: 0; overflow: hidden; transition-property: height;transition-duration: 300ms;}#sp-ea-1601.sp-easy-accordion>.sp-ea-single {margin-bottom: 10px; border: 4px solid #00b050; }#sp-ea-1601.sp-easy-accordion>.sp-ea-single>.ea-header a {color: #ff66ff;}#sp-ea-1601.sp-easy-accordion>.sp-ea-single>.sp-collapse>.ea-body {background: #fff; color: #444;}#sp-ea-1601.sp-easy-accordion>.sp-ea-single {background: #eee;}#sp-ea-1601.sp-easy-accordion>.sp-ea-single>.ea-header a .ea-expand-icon { float: left; color: #444;font-size: 16px;}<\/style><div id=\"sp_easy_accordion-1752145523\">\n<div id=\"sp-ea-1601\" class=\"sp-ea-one sp-easy-accordion\" data-ea-active=\"ea-click\" data-ea-mode=\"vertical\" data-preloader=\"\" data-scroll-active-item=\"\" data-offset-to-scroll=\"0\">\n\n<!-- Start accordion card div. -->\n<div class=\"ea-card ea-expand sp-ea-single\">\n\t<!-- Start accordion header. -->\n\t<h3 class=\"ea-header\">\n\t\t<!-- Add anchor tag for header. -->\n\t\t<a class=\"collapsed\" id=\"ea-header-16010\" role=\"button\" data-sptoggle=\"spcollapse\" data-sptarget=\"#collapse16010\" aria-controls=\"collapse16010\" href=\"#\"  aria-expanded=\"true\" tabindex=\"0\">\n\t\t<i aria-hidden=\"true\" role=\"presentation\" class=\"ea-expand-icon eap-icon-ea-expand-minus\"><\/i> 1. Rett til liv og helse\t\t<\/a> <!-- Close anchor tag for header. -->\n\t<\/h3>\t<!-- Close header tag. -->\n\t<!-- Start collapsible content div. -->\n\t<div class=\"sp-collapse spcollapse collapsed show\" id=\"collapse16010\" data-parent=\"#sp-ea-1601\" role=\"region\" aria-labelledby=\"ea-header-16010\">  <!-- Content div. -->\n\t\t<div class=\"ea-body\">\n\t\t<audio class=\"wp-audio-shortcode\" id=\"audio-1150-2\" preload=\"none\" style=\"width: 100%;\" controls=\"controls\"><source type=\"audio\/mpeg\" src=\"https:\/\/jegkanogvil.no\/wp-content\/uploads\/2025\/09\/FN-2.mp3?_=2\" \/><a href=\"https:\/\/jegkanogvil.no\/wp-content\/uploads\/2025\/09\/FN-2.mp3\">https:\/\/jegkanogvil.no\/wp-content\/uploads\/2025\/09\/FN-2.mp3<\/a><\/audio>\n<p><img loading=\"lazy\" decoding=\"async\" class=\"alignnone wp-image-2129\" src=\"https:\/\/jegkanogvil.no\/wp-content\/uploads\/2025\/08\/FN1-300x300.png\" alt=\"Tegninger av hejm, vann, mat og helse.\" width=\"250\" height=\"250\" srcset=\"https:\/\/jegkanogvil.no\/wp-content\/uploads\/2025\/08\/FN1-300x300.png 300w, https:\/\/jegkanogvil.no\/wp-content\/uploads\/2025\/08\/FN1-150x150.png 150w, https:\/\/jegkanogvil.no\/wp-content\/uploads\/2025\/08\/FN1.png 567w\" sizes=\"auto, (max-width: 250px) 100vw, 250px\" \/><\/p>\n<p>Alle barn har rett til \u00e5 leve<br \/>\nog \u00e5 ha det bra.<br \/>\nDet betyr at du har rett til:<\/p>\n<ul>\n<li>mat<\/li>\n<li>rent vann<\/li>\n<li>et trygt sted \u00e5 bo<\/li>\n<li>lege-hjelp hvis du blir syk<\/li>\n<\/ul>\n<p>Du skal alts\u00e5 f\u00e5 det du trenger<br \/>\nfor \u00e5 vokse og \u00e5 v\u00e6re frisk.<br \/>\nDet skal voksne s\u00f8rge for.<\/p>\n\t\t<\/div> <!-- Close content div. -->\n\t<\/div> <!-- Close collapse div. -->\n<\/div> <!-- Close card div. -->\n<!-- Start accordion card div. -->\n<div class=\"ea-card ea-expand sp-ea-single\">\n\t<!-- Start accordion header. -->\n\t<h3 class=\"ea-header\">\n\t\t<!-- Add anchor tag for header. -->\n\t\t<a class=\"collapsed\" id=\"ea-header-16011\" role=\"button\" data-sptoggle=\"spcollapse\" data-sptarget=\"#collapse16011\" aria-controls=\"collapse16011\" href=\"#\"  aria-expanded=\"true\" tabindex=\"0\">\n\t\t<i aria-hidden=\"true\" role=\"presentation\" class=\"ea-expand-icon eap-icon-ea-expand-minus\"><\/i> 2. Rett til skolegang og utvikling\t\t<\/a> <!-- Close anchor tag for header. -->\n\t<\/h3>\t<!-- Close header tag. -->\n\t<!-- Start collapsible content div. -->\n\t<div class=\"sp-collapse spcollapse collapsed show\" id=\"collapse16011\" data-parent=\"#sp-ea-1601\" role=\"region\" aria-labelledby=\"ea-header-16011\">  <!-- Content div. -->\n\t\t<div class=\"ea-body\">\n\t\t<audio class=\"wp-audio-shortcode\" id=\"audio-1150-3\" preload=\"none\" style=\"width: 100%;\" controls=\"controls\"><source type=\"audio\/mpeg\" src=\"https:\/\/jegkanogvil.no\/wp-content\/uploads\/2025\/09\/FN-3.mp3?_=3\" \/><a href=\"https:\/\/jegkanogvil.no\/wp-content\/uploads\/2025\/09\/FN-3.mp3\">https:\/\/jegkanogvil.no\/wp-content\/uploads\/2025\/09\/FN-3.mp3<\/a><\/audio>\n<p><img loading=\"lazy\" decoding=\"async\" class=\"alignnone wp-image-2137\" src=\"https:\/\/jegkanogvil.no\/wp-content\/uploads\/2025\/08\/FN4-300x300.png\" alt=\"Hobbyutstyr og skoleutstyr.\" width=\"250\" height=\"250\" srcset=\"https:\/\/jegkanogvil.no\/wp-content\/uploads\/2025\/08\/FN4-300x300.png 300w, https:\/\/jegkanogvil.no\/wp-content\/uploads\/2025\/08\/FN4-150x150.png 150w, https:\/\/jegkanogvil.no\/wp-content\/uploads\/2025\/08\/FN4.png 567w\" sizes=\"auto, (max-width: 250px) 100vw, 250px\" \/><\/p>\n<p>Du har rett til<br \/>\n\u00e5 g\u00e5 p\u00e5 skole og l\u00e6re nye ting.<br \/>\nSkolen skal hjelpe deg<br \/>\nmed \u00e5 utvikle deg.<br \/>\nDet gjelder:<\/p>\n<ul>\n<li>\u00e5 l\u00e6re om mye<br \/>\ndu ikke kjenner til<\/li>\n<li>\u00e5 lese og \u00e5 skrive<br \/>\neller bruke tegn<\/li>\n<li>lage noe med hendene<\/li>\n<li>og mye annet<\/li>\n<\/ul>\n<p>Du har ogs\u00e5 rett til \u00e5:<\/p>\n<ul>\n<li>leke<\/li>\n<li>hvile<\/li>\n<li>v\u00e6re kreativ.<br \/>\nDet vil si \u00e5 bruke fantasien<br \/>\nog skape noe.<\/li>\n<li>v\u00e6re med p\u00e5 kultur-livet<br \/>\nDet er for eksempel<br \/>\nkunst, teater og musikk.<\/li>\n<\/ul>\n\t\t<\/div> <!-- Close content div. -->\n\t<\/div> <!-- Close collapse div. -->\n<\/div> <!-- Close card div. -->\n<!-- Start accordion card div. -->\n<div class=\"ea-card ea-expand sp-ea-single\">\n\t<!-- Start accordion header. -->\n\t<h3 class=\"ea-header\">\n\t\t<!-- Add anchor tag for header. -->\n\t\t<a class=\"collapsed\" id=\"ea-header-16012\" role=\"button\" data-sptoggle=\"spcollapse\" data-sptarget=\"#collapse16012\" aria-controls=\"collapse16012\" href=\"#\"  aria-expanded=\"true\" tabindex=\"0\">\n\t\t<i aria-hidden=\"true\" role=\"presentation\" class=\"ea-expand-icon eap-icon-ea-expand-minus\"><\/i> 3. Rett til omsorg og beskyttelse\t\t<\/a> <!-- Close anchor tag for header. -->\n\t<\/h3>\t<!-- Close header tag. -->\n\t<!-- Start collapsible content div. -->\n\t<div class=\"sp-collapse spcollapse collapsed show\" id=\"collapse16012\" data-parent=\"#sp-ea-1601\" role=\"region\" aria-labelledby=\"ea-header-16012\">  <!-- Content div. -->\n\t\t<div class=\"ea-body\">\n\t\t<audio class=\"wp-audio-shortcode\" id=\"audio-1150-4\" preload=\"none\" style=\"width: 100%;\" controls=\"controls\"><source type=\"audio\/mpeg\" src=\"https:\/\/jegkanogvil.no\/wp-content\/uploads\/2025\/09\/FN-4.mp3?_=4\" \/><a href=\"https:\/\/jegkanogvil.no\/wp-content\/uploads\/2025\/09\/FN-4.mp3\">https:\/\/jegkanogvil.no\/wp-content\/uploads\/2025\/09\/FN-4.mp3<\/a><\/audio>\n<p><img loading=\"lazy\" decoding=\"async\" class=\"alignnone wp-image-2131\" src=\"https:\/\/jegkanogvil.no\/wp-content\/uploads\/2025\/08\/FN3-300x300.png\" alt=\"Beskyttende hender under fire barn.\" width=\"250\" height=\"250\" srcset=\"https:\/\/jegkanogvil.no\/wp-content\/uploads\/2025\/08\/FN3-300x300.png 300w, https:\/\/jegkanogvil.no\/wp-content\/uploads\/2025\/08\/FN3-150x150.png 150w, https:\/\/jegkanogvil.no\/wp-content\/uploads\/2025\/08\/FN3.png 567w\" sizes=\"auto, (max-width: 250px) 100vw, 250px\" \/><\/p>\n<p>Du har rett til at noen<br \/>\ntar vare p\u00e5 deg.<br \/>\nOg du skal bli beskyttet mot:<\/p>\n<ul>\n<li>vold<br \/>\nDet vil si at noen<br \/>\nfor eksempel sl\u00e5r eller sparker deg.<\/li>\n<li>mishandling<br \/>\nDet vil si at noen sl\u00e5r<br \/>\neller er veldig slem mot deg<br \/>\np\u00e5 en annen m\u00e5te.<\/li>\n<li>andre ting som kan<br \/>\nskade deg<\/li>\n<\/ul>\n<p>Voksne skal passe p\u00e5<br \/>\nat du har det trygt<br \/>\nalle steder der du er.<\/p>\n<p>Hvis noen gj\u00f8r noe galt<br \/>\nmot deg,<br \/>\nhar du rett til hjelp.<\/p>\n\t\t<\/div> <!-- Close content div. -->\n\t<\/div> <!-- Close collapse div. -->\n<\/div> <!-- Close card div. -->\n<!-- Start accordion card div. -->\n<div class=\"ea-card ea-expand sp-ea-single\">\n\t<!-- Start accordion header. -->\n\t<h3 class=\"ea-header\">\n\t\t<!-- Add anchor tag for header. -->\n\t\t<a class=\"collapsed\" id=\"ea-header-16013\" role=\"button\" data-sptoggle=\"spcollapse\" data-sptarget=\"#collapse16013\" aria-controls=\"collapse16013\" href=\"#\"  aria-expanded=\"true\" tabindex=\"0\">\n\t\t<i aria-hidden=\"true\" role=\"presentation\" class=\"ea-expand-icon eap-icon-ea-expand-minus\"><\/i> 4. Rett til deltakelse og innflytelse\t\t<\/a> <!-- Close anchor tag for header. -->\n\t<\/h3>\t<!-- Close header tag. -->\n\t<!-- Start collapsible content div. -->\n\t<div class=\"sp-collapse spcollapse collapsed show\" id=\"collapse16013\" data-parent=\"#sp-ea-1601\" role=\"region\" aria-labelledby=\"ea-header-16013\">  <!-- Content div. -->\n\t\t<div class=\"ea-body\">\n\t\t<audio class=\"wp-audio-shortcode\" id=\"audio-1150-5\" preload=\"none\" style=\"width: 100%;\" controls=\"controls\"><source type=\"audio\/mpeg\" src=\"https:\/\/jegkanogvil.no\/wp-content\/uploads\/2025\/09\/FN-5.mp3?_=5\" \/><a href=\"https:\/\/jegkanogvil.no\/wp-content\/uploads\/2025\/09\/FN-5.mp3\">https:\/\/jegkanogvil.no\/wp-content\/uploads\/2025\/09\/FN-5.mp3<\/a><\/audio>\n<p><img loading=\"lazy\" decoding=\"async\" class=\"alignnone wp-image-2130\" src=\"https:\/\/jegkanogvil.no\/wp-content\/uploads\/2025\/08\/FN2-300x300.png\" alt=\"Tegnign av to mennesker som viser fram et plakat.\" width=\"250\" height=\"250\" srcset=\"https:\/\/jegkanogvil.no\/wp-content\/uploads\/2025\/08\/FN2-300x300.png 300w, https:\/\/jegkanogvil.no\/wp-content\/uploads\/2025\/08\/FN2-150x150.png 150w, https:\/\/jegkanogvil.no\/wp-content\/uploads\/2025\/08\/FN2.png 567w\" sizes=\"auto, (max-width: 250px) 100vw, 250px\" \/><\/p>\n<p>Du har rett til \u00e5 si din mening<br \/>\nom det som ang\u00e5r deg.<\/p>\n<p>Og voksne skal ta deg alvorlig.<\/p>\n<p>Det gjelder b\u00e5de:<\/p>\n<ul>\n<li>hjemme<\/li>\n<li>p\u00e5 skolen<\/li>\n<li>ellers i samfunnet<\/li>\n<\/ul>\n<p>Du har ogs\u00e5 rett til \u00e5 v\u00e6re med p\u00e5<br \/>\n\u00e5 bestemme det<br \/>\nsom er viktig i livet ditt.<br \/>\nDet kan for eksempel v\u00e6re:<\/p>\n<ul>\n<li>hvilken skole du skal g\u00e5 p\u00e5<\/li>\n<li>hvilke fritids-aktiviteter<br \/>\ndu vil pr\u00f8ve<\/li>\n<\/ul>\n\t\t<\/div> <!-- Close content div. -->\n\t<\/div> <!-- Close collapse div. -->\n<\/div> <!-- Close card div. -->\n<\/div>\n<\/div>\n<\/p>\n<p><\/p><\/div><\/div><div class=\"lgc-clear\"><\/div>\n<p><a href=\"https:\/\/jegkanogvil.no\/?page_id=56\"><img loading=\"lazy\" decoding=\"async\" class=\"alignnone wp-image-483\" src=\"https:\/\/jegkanogvil.no\/wp-content\/uploads\/2024\/11\/Rettigheter-248x300.png\" alt=\"\" width=\"124\" height=\"150\" srcset=\"https:\/\/jegkanogvil.no\/wp-content\/uploads\/2024\/11\/Rettigheter-248x300.png 248w, https:\/\/jegkanogvil.no\/wp-content\/uploads\/2024\/11\/Rettigheter.png 718w\" sizes=\"auto, (max-width: 124px) 100vw, 124px\" \/><\/a> \u00a0<a href=\"https:\/\/jegkanogvil.no\/?page_id=1154\"><img loading=\"lazy\" decoding=\"async\" class=\"alignnone wp-image-1148\" src=\"https:\/\/jegkanogvil.no\/wp-content\/uploads\/2025\/04\/Loven-i-Norge-248x300.png\" alt=\"Til: Loven i Norge\" width=\"124\" height=\"150\" srcset=\"https:\/\/jegkanogvil.no\/wp-content\/uploads\/2025\/04\/Loven-i-Norge-248x300.png 248w, https:\/\/jegkanogvil.no\/wp-content\/uploads\/2025\/04\/Loven-i-Norge.png 718w\" sizes=\"auto, (max-width: 124px) 100vw, 124px\" \/><\/a><\/p>\n<p><a href=\"https:\/\/jegkanogvil.no\/\"><img loading=\"lazy\" decoding=\"async\" class=\"alignnone wp-image-766\" src=\"https:\/\/jegkanogvil.no\/wp-content\/uploads\/2025\/03\/Home-knappG-150x150.png\" alt=\"Til: Hjem\" width=\"120\" height=\"120\" srcset=\"https:\/\/jegkanogvil.no\/wp-content\/uploads\/2025\/03\/Home-knappG-150x150.png 150w, https:\/\/jegkanogvil.no\/wp-content\/uploads\/2025\/03\/Home-knappG-300x300.png 300w, https:\/\/jegkanogvil.no\/wp-content\/uploads\/2025\/03\/Home-knappG.png 567w\" sizes=\"auto, (max-width: 120px) 100vw, 120px\" \/><\/a><\/p>\n<p>&nbsp;<\/p>\n","protected":false},"excerpt":{"rendered":"<p>FN st\u00e5r for\u00a0de Forente Nasjoner. Det er en stor gruppe med nesten alle land i verden. Medlems-land jobber sammen for \u00e5 gj\u00f8re verden bedre. FN hjelper blant annet til med \u00e5: stoppe kriger hjelpe folk i n\u00f8d s\u00f8rge for at alle har: mat skole trygghet FN-konvensjonen\u00a0er en avtale mellom mange land. Landene skal f\u00f8lge de [&hellip;]<\/p>\n","protected":false},"author":1,"featured_media":0,"parent":0,"menu_order":0,"comment_status":"closed","ping_status":"closed","template":"","meta":{"footnotes":""},"class_list":["post-1150","page","type-page","status-publish","hentry"],"_links":{"self":[{"href":"https:\/\/jegkanogvil.no\/index.php?rest_route=\/wp\/v2\/pages\/1150","targetHints":{"allow":["GET"]}}],"collection":[{"href":"https:\/\/jegkanogvil.no\/index.php?rest_route=\/wp\/v2\/pages"}],"about":[{"href":"https:\/\/jegkanogvil.no\/index.php?rest_route=\/wp\/v2\/types\/page"}],"author":[{"embeddable":true,"href":"https:\/\/jegkanogvil.no\/index.php?rest_route=\/wp\/v2\/users\/1"}],"replies":[{"embeddable":true,"href":"https:\/\/jegkanogvil.no\/index.php?rest_route=%2Fwp%2Fv2%2Fcomments&post=1150"}],"version-history":[{"count":22,"href":"https:\/\/jegkanogvil.no\/index.php?rest_route=\/wp\/v2\/pages\/1150\/revisions"}],"predecessor-version":[{"id":2510,"href":"https:\/\/jegkanogvil.no\/index.php?rest_route=\/wp\/v2\/pages\/1150\/revisions\/2510"}],"wp:attachment":[{"href":"https:\/\/jegkanogvil.no\/index.php?rest_route=%2Fwp%2Fv2%2Fmedia&parent=1150"}],"curies":[{"name":"wp","href":"https:\/\/api.w.org\/{rel}","templated":true}]}}