{"id":114,"date":"2024-10-29T13:18:02","date_gmt":"2024-10-29T11:18:02","guid":{"rendered":"https:\/\/jegkanogvil.no\/?page_id=114"},"modified":"2025-12-22T13:37:50","modified_gmt":"2025-12-22T11:37:50","slug":"ren-og-pen-2","status":"publish","type":"page","link":"https:\/\/jegkanogvil.no\/?page_id=114","title":{"rendered":"Renslighet"},"content":{"rendered":"<audio class=\"wp-audio-shortcode\" id=\"audio-114-1\" preload=\"none\" style=\"width: 100%;\" controls=\"controls\"><source type=\"audio\/mpeg\" src=\"https:\/\/jegkanogvil.no\/wp-content\/uploads\/2025\/09\/renslighet.mp3?_=1\" \/><a href=\"https:\/\/jegkanogvil.no\/wp-content\/uploads\/2025\/09\/renslighet.mp3\">https:\/\/jegkanogvil.no\/wp-content\/uploads\/2025\/09\/renslighet.mp3<\/a><\/audio>\n<p>\u00c5 ha en ren kropp og rene kl\u00e6r<br \/>\nheter <strong>renslighet<\/strong>.<br \/>\nDet heter ogs\u00e5 <strong>hygiene<\/strong>.<br \/>\nGod hygiene <strong>f\u00f8les godt<\/strong>.<br \/>\nHer kan du l\u00e6re om det.<\/p>\n<p>Under temaet <b>Kroppen<br \/>\n<\/b>finner du mer om hygiene<br \/>\nspesielt for jenter og gutter.<\/p>\n<p><a href=\"https:\/\/jegkanogvil.no\/?page_id=848&amp;preview=true\"><img loading=\"lazy\" decoding=\"async\" class=\"alignnone wp-image-839\" src=\"https:\/\/jegkanogvil.no\/wp-content\/uploads\/2025\/03\/Haret-248x300.png\" alt=\"Til: H\u00e5ret\" width=\"124\" height=\"150\" srcset=\"https:\/\/jegkanogvil.no\/wp-content\/uploads\/2025\/03\/Haret-248x300.png 248w, https:\/\/jegkanogvil.no\/wp-content\/uploads\/2025\/03\/Haret.png 718w\" sizes=\"auto, (max-width: 124px) 100vw, 124px\" \/><\/a> <a href=\"https:\/\/jegkanogvil.no\/?page_id=851\"><img loading=\"lazy\" decoding=\"async\" class=\"alignnone wp-image-840\" src=\"https:\/\/jegkanogvil.no\/wp-content\/uploads\/2025\/03\/Klaerne-248x300.png\" alt=\"Til: Kl\u00e6rne\" width=\"124\" height=\"150\" srcset=\"https:\/\/jegkanogvil.no\/wp-content\/uploads\/2025\/03\/Klaerne-248x300.png 248w, https:\/\/jegkanogvil.no\/wp-content\/uploads\/2025\/03\/Klaerne.png 718w\" sizes=\"auto, (max-width: 124px) 100vw, 124px\" \/><\/a> <a href=\"https:\/\/jegkanogvil.no\/?page_id=45\"><img loading=\"lazy\" decoding=\"async\" class=\"alignnone wp-image-508\" src=\"https:\/\/jegkanogvil.no\/wp-content\/uploads\/2024\/11\/Tenner-248x300.png\" alt=\"Til: Pusse tenner\" width=\"124\" height=\"150\" srcset=\"https:\/\/jegkanogvil.no\/wp-content\/uploads\/2024\/11\/Tenner-248x300.png 248w, https:\/\/jegkanogvil.no\/wp-content\/uploads\/2024\/11\/Tenner.png 718w\" sizes=\"auto, (max-width: 124px) 100vw, 124px\" \/><\/a>\u00a0<a href=\"https:\/\/jegkanogvil.no\/?page_id=42\"><img loading=\"lazy\" decoding=\"async\" class=\"alignnone wp-image-507\" src=\"https:\/\/jegkanogvil.no\/wp-content\/uploads\/2024\/11\/Hender-1-248x300.png\" alt=\"Til: Vaske hender\" width=\"124\" height=\"150\" srcset=\"https:\/\/jegkanogvil.no\/wp-content\/uploads\/2024\/11\/Hender-1-248x300.png 248w, https:\/\/jegkanogvil.no\/wp-content\/uploads\/2024\/11\/Hender-1.png 718w\" sizes=\"auto, (max-width: 124px) 100vw, 124px\" \/><\/a> <a href=\"https:\/\/jegkanogvil.no\/?page_id=855\"><img loading=\"lazy\" decoding=\"async\" class=\"alignnone wp-image-841\" src=\"https:\/\/jegkanogvil.no\/wp-content\/uploads\/2025\/03\/Kroppen-248x300.png\" alt=\"Til: Vaske kroppen\" width=\"124\" height=\"150\" srcset=\"https:\/\/jegkanogvil.no\/wp-content\/uploads\/2025\/03\/Kroppen-248x300.png 248w, https:\/\/jegkanogvil.no\/wp-content\/uploads\/2025\/03\/Kroppen.png 718w\" sizes=\"auto, (max-width: 124px) 100vw, 124px\" \/><\/a> <a href=\"https:\/\/jegkanogvil.no\/?page_id=2626\"><img loading=\"lazy\" decoding=\"async\" class=\"alignnone wp-image-2592\" src=\"https:\/\/jegkanogvil.no\/wp-content\/uploads\/2025\/12\/Hygiene-filmer-248x300.png\" alt=\"Til: Hygienefilmer\" width=\"124\" height=\"150\" srcset=\"https:\/\/jegkanogvil.no\/wp-content\/uploads\/2025\/12\/Hygiene-filmer-248x300.png 248w, https:\/\/jegkanogvil.no\/wp-content\/uploads\/2025\/12\/Hygiene-filmer.png 718w\" sizes=\"auto, (max-width: 124px) 100vw, 124px\" \/><\/a><\/p>\n<p><a href=\"https:\/\/jegkanogvil.no\/\"><img loading=\"lazy\" decoding=\"async\" class=\"alignnone wp-image-766\" src=\"https:\/\/jegkanogvil.no\/wp-content\/uploads\/2025\/03\/Home-knappG-150x150.png\" alt=\"Til: Hjem\" width=\"120\" height=\"120\" srcset=\"https:\/\/jegkanogvil.no\/wp-content\/uploads\/2025\/03\/Home-knappG-150x150.png 150w, https:\/\/jegkanogvil.no\/wp-content\/uploads\/2025\/03\/Home-knappG-300x300.png 300w, https:\/\/jegkanogvil.no\/wp-content\/uploads\/2025\/03\/Home-knappG.png 567w\" sizes=\"auto, (max-width: 120px) 100vw, 120px\" \/><\/a><\/p>\n","protected":false},"excerpt":{"rendered":"<p>\u00c5 ha en ren kropp og rene kl\u00e6r heter renslighet. Det heter ogs\u00e5 hygiene. God hygiene f\u00f8les godt. Her kan du l\u00e6re om det. Under temaet Kroppen finner du mer om hygiene spesielt for jenter og gutter. \u00a0<\/p>\n","protected":false},"author":1,"featured_media":0,"parent":0,"menu_order":0,"comment_status":"closed","ping_status":"closed","template":"","meta":{"footnotes":""},"class_list":["post-114","page","type-page","status-publish","hentry"],"_links":{"self":[{"href":"https:\/\/jegkanogvil.no\/index.php?rest_route=\/wp\/v2\/pages\/114","targetHints":{"allow":["GET"]}}],"collection":[{"href":"https:\/\/jegkanogvil.no\/index.php?rest_route=\/wp\/v2\/pages"}],"about":[{"href":"https:\/\/jegkanogvil.no\/index.php?rest_route=\/wp\/v2\/types\/page"}],"author":[{"embeddable":true,"href":"https:\/\/jegkanogvil.no\/index.php?rest_route=\/wp\/v2\/users\/1"}],"replies":[{"embeddable":true,"href":"https:\/\/jegkanogvil.no\/index.php?rest_route=%2Fwp%2Fv2%2Fcomments&post=114"}],"version-history":[{"count":34,"href":"https:\/\/jegkanogvil.no\/index.php?rest_route=\/wp\/v2\/pages\/114\/revisions"}],"predecessor-version":[{"id":2632,"href":"https:\/\/jegkanogvil.no\/index.php?rest_route=\/wp\/v2\/pages\/114\/revisions\/2632"}],"wp:attachment":[{"href":"https:\/\/jegkanogvil.no\/index.php?rest_route=%2Fwp%2Fv2%2Fmedia&parent=114"}],"curies":[{"name":"wp","href":"https:\/\/api.w.org\/{rel}","templated":true}]}}